e of 155*r**3/3 - 4*r**2 + 10*r - 30. Is f(2) a composite number?
True
Suppose -1289*w + 1316*w = 577179. Is w prime?
True
Let j(f) = f**2 - 10*f + 2579. Let y be 22/8 + -3 + 4/16. Is j(y) a composite number?
False
Let s be 8/3*(-686796)/(-88). Let b = 36161 - s. Is b a composite number?
False
Suppose 8 = 13*r - 18. Suppose r*g - 538 = 2*b, -2*g - 4*b = -g - 269. Is g prime?
True
Let p = 138774 + -78911. Is p a composite number?
False
Let l = -941049 - -1955306. Is l a composite number?
False
Let k(a) = a**2 - 19*a + 37. Let o(q) be the second derivative of q**4/12 - 3*q**3 + q**2 + 35*q. Let y be o(19). Is k(y) composite?
False
Suppose 5*r - 8 - 3 = 2*j, 3*j - 36 = -3*r. Suppose 0 = -j*f + 10*f - 6. Suppose 949 = f*k + 257. Is k a composite number?
True
Let f = 11 + -11. Let c = -110 + 113. Suppose x - 5*d - 285 = 0, f = -2*x + 4*x - c*d - 598. Is x a prime number?
False
Suppose -17 = 9*r - 89. Let v = r + 37. Suppose 4*a - v = 7. Is a a prime number?
True
Suppose -c + 4*s - 2 = 0, s = c + 6*s + 47. Let b be (-4)/1 - 66/c. Is 1031 + (5/(-20) - b/4) prime?
True
Suppose 5*i - 7975 = 7645. Suppose 5*o - 14519 = -i. Is o composite?
True
Let f be 1 - (-72)/33 - (-6)/(-33). Let t(d) = 2 + 21*d**2 - 14*d**2 + 4*d - 3 - 23*d**f. Is t(-4) prime?
True
Is 56843/((5/15)/((-14)/(-42))) a prime number?
True
Let z = -2219 + 4070. Let k = 202 + z. Is k a composite number?
False
Let z(u) = 24 - 2*u**2 + 4*u - 3*u + 7*u + 7*u**2. Let p be z(12). Let i = 1327 - p. Is i a prime number?
True
Let y(p) = 136*p**2 - 457*p + 38. Is y(-7) prime?
True
Suppose a + a = -88. Let q(k) = -4*k - 18. Let w be q(9). Let o = a - w. Is o prime?
False
Suppose 3*j - 2 = -r - 4, r = -j + 2. Is -206*404/(-8) - j composite?
True
Let f be (-18)/24*(-1 + -7295). Let y = f + -3541. Is y a prime number?
True
Suppose -11*p - 1261639 = -0*p - 4144772. Is p composite?
False
Suppose 3*l - 990 = w, 14*l - 3*w = 12*l + 660. Let a = 807 - 158. Let o = a - l. Is o a composite number?
True
Let m = 1 + 3. Suppose m*i + 5*h + 5 = 2, -3*i + 4*h + 21 = 0. Suppose -5*a = -2*b + 793, i*b + 2*a + 656 = 1893. Is b prime?
True
Suppose -5 = s + 1. Suppose 7*f - 301 = 160 + 64. Let p = f + s. Is p composite?
True
Is 36880/1 - (-8930)/470 composite?
False
Let l be 12/(12/(-1463)) + -5. Suppose 2*z - 2628 = 1554. Let m = l + z. Is m prime?
False
Let q be ((-6387)/5)/3 + (-84)/(-105). Is (-1 - 86)*(q/15 + -4) a prime number?
False
Let q(w) = -1033*w**2 - 10*w - 15. Let s be q(-2). Is (-5)/(-20)*-4*s a prime number?
True
Let q(x) = 30206*x + 2171. Is q(15) composite?
False
Let t = 505 - 495. Suppose -43790 = -0*o - t*o. Is o a composite number?
True
Suppose -734144 - 310873 = -53*x + 4942340. Is x a composite number?
True
Suppose 3*q - n - 2*n = 726, 248 = q + n. Let l = q - 122. Is l a prime number?
False
Let w = -467 - -1363. Suppose 5*x - d - 46686 = -w, 2*d + 9167 = x. Is x prime?
True
Suppose 32*l - 669003 - 1056840 = 11*l. Is l prime?
True
Is (-15 - -16)*(-272215)/(-5) a prime number?
True
Let r(z) = z - 38. Let g be r(11). Let v = 27 + g. Is 307 + (v - 0)/(3 - 1) a composite number?
False
Suppose 2*j + 4*o - 18590 = 28760, 5*j - 2*o - 118423 = 0. Is j a composite number?
True
Is ((-3648895)/15)/((-50)/15 + 3) composite?
False
Is (-506335)/(-2)*((-1862)/(-35))/19 composite?
True
Suppose 73*x - 840497 = 584244. Is x a prime number?
False
Let f(g) = 473*g**3 + 11*g**2 - 10*g - 11. Let d be f(7). Suppose -m + d = 18*m. Is m composite?
False
Let z(b) = 8*b - 1169. Let d(j) = -23*j + 3507. Let f(m) = 6*d(m) + 17*z(m). Let r(a) = -3*a + 2339. Let p(n) = 9*f(n) - 4*r(n). Is p(0) a composite number?
True
Suppose -4*y + 221 = -3*f, 0*y = y + 2*f - 47. Suppose 11 = -3*p + y. Suppose -16*b = -p*b - 2518. Is b a composite number?
False
Suppose 0 = -113*a + 19981366 + 25012183. Is a composite?
True
Suppose -q - 3*t = -3, -5*q - 5*t = -14 - 1. Let x = 5 - q. Is 211*(x - 3/3) composite?
False
Let s(c) = 21*c**3 - 4*c**2 - 2*c + 4. Let k(z) = -z**2 + 5*z + 5. Let p be k(5). Let q be p + -2*(4 + -3). Is s(q) a composite number?
True
Let a(t) = 1552*t**2 + 109*t - 59. Is a(8) a prime number?
False
Suppose -6*l - 559181 + 9055087 = -4*a, 0 = -4*l + 3*a + 5663936. Is l composite?
True
Is 125/(-75)*6 + 31893 a composite number?
False
Let s(g) = -g**3 - 23*g**2 - 22*g + 3. Let y be s(-22). Suppose -4*a = -v + 8, -v + y + 5 = a. Suppose 471 = v*w - 7*w. Is w a prime number?
False
Let h = -435863 - -744222. Is h prime?
True
Let o(n) be the first derivative of 70*n**3/3 - 3*n**2 + 11*n - 15. Suppose 0 = 7*q - 19 - 16. Is o(q) a prime number?
False
Let u(j) = -169*j + 47. Let o(x) be the third derivative of x**6/120 + x**5/60 - x**4/8 - x**3 + 26*x**2. Let a be o(0). Is u(a) a prime number?
True
Suppose 7*h + 103 - 2693 = 0. Suppose 0 = 2*y - 3*x - 1883 + h, -5*x + 1553 = 2*y. Let f = 1375 - y. Is f a prime number?
False
Suppose -3*k - 2*q - 722 = 0, -3*k - k - 5*q - 965 = 0. Let r = k + 637. Is r composite?
False
Suppose 6 = 4*i - 10. Suppose -4*u + 1990 = -6*d + i*d, -3966 = 4*d - u. Let w = 1530 - d. Is w a composite number?
False
Suppose -3*u - x + 2 = 0, 0 = u - 3*x + 5*x + 6. Suppose 3*y = 5*d + 10571, u*y + 3*d - 17607 = -3*y. Suppose 0 = 5*j + j - y. Is j prime?
True
Suppose 7*i = -211 - 76. Let h(r) = -r**3 - 40*r**2 + 17*r - 61. Is h(i) prime?
False
Let w(f) be the first derivative of -f**4 - 4*f**3/3 + 4*f**2 - 5*f + 70. Is w(-6) prime?
False
Let q be -6*7/63 - 32/(-3). Suppose q*y - 22*y = -67668. Is y a prime number?
True
Suppose 45 = 3*w + 39. Is w/(11/(3536984/16)) a prime number?
True
Let k(j) = -999*j - 295. Is k(-38) a composite number?
True
Let w(t) = 2*t**3 - 20*t**2 - 20*t - 33. Let v be 6*2 - (-3 - 1). Is w(v) composite?
False
Let l(h) = 3*h - 12. Let c be l(7). Let n be -3 + 20280/c - 3/9. Suppose -4*v + n = -1210. Is v prime?
False
Let t(r) be the first derivative of 2*r**3/3 + 11*r**2 - 61*r - 1. Let h be ((-84)/45 - 248/310)*(-27)/(-4). Is t(h) prime?
True
Suppose 9*v - 7*v = 52. Suppose -19*n = -v*n + 28. Suppose n*u - 4*a = 10420, 5*u + 620 = a + 13661. Is u prime?
True
Suppose 0 = -3*b + 9, -18*b - 50478 = -5*u - 14*b. Let o = u - 5537. Is o prime?
True
Suppose -2*p = -3*q + p + 192, -q = 4*p - 54. Suppose 4958 = q*t - 60*t. Is t a prime number?
False
Let n = 450212 + -282951. Is n a composite number?
False
Let h(d) = 207*d + 5. Let w be h(2). Suppose 7*b - 6*b - w = 0. Is b a prime number?
True
Let m be 8720 + 2 + 9 + -5. Let y = m + -517. Is y prime?
True
Suppose -5*j - 5*h + 20 = 0, 3*j - 2*h = 24 - 7. Suppose -2*d + j*i = 21, -27 = -d - 7*i + 2*i. Suppose 0*a + d*a + 10 = 0, 5*b = -5*a + 13585. Is b prime?
False
Suppose -1022236 - 5009974 = -10*w. Is w prime?
False
Suppose -17*z = -4*z - 39. Suppose -3*g + 1373 = 2*r, -7*r + z*r - 2*g + 2758 = 0. Is r a prime number?
True
Suppose 5*t - 3*g = -35, -7*t - 11 = -3*t + g. Is (-2)/t*-6 - (-1712)/1 a prime number?
True
Suppose -381*p + 126510001 = -684*p + 374*p. Is p prime?
True
Let o(n) = 5*n + 83. Let f be o(0). Let w = f + -78. Suppose a + 5271 = 5*l, -6*l + w*l = -5*a - 1035. Is l composite?
True
Suppose 940*u = 959*u - 144457. Is u composite?
False
Let v(z) = 0 - 10 + 3 + 31*z. Let a = 141 - 135. Is v(a) prime?
True
Is (131 - 119) + (1 - -465688) composite?
False
Suppose -5*k + 15 = -2*d - 0*k, -5*d - 5*k + 15 = 0. Let n(i) = -i**3 + i**2 + 6*i + 2333. Is n(d) a prime number?
True
Suppose 0 = -2*n - 3*a + 897725, -2*n + 10*a - 9*a + 897737 = 0. Is n composite?
False
Suppose 0*i - 11150 = 5*i. Let l = i + 854. Let w = 23 - l. Is w a composite number?
False
Let y be (-16)/(-10) + 4*(-4)/(-40). Let l(b) = 46*b + 2*b**2 + 21 - 5 - b**y - 42*b. Is l(-13) composite?
True
Suppose 0 = -37*y + 33*y + 3392. Suppose -3321 - y = -g. Is g composite?
True
Suppose -56*r - 44*r + 114631 = -83*r. Is r composite?
True
Let l(m) = 23892*m**3 + 11*m**2 - 100*m + 284. Is l(3) a prime number?
False
Is (-55493)/((-5 + 7)*4/(-8)) a composite number?
True
Suppose 4*c + 24 = -2*q, 5*q - 2*c = -32 - 16. Let a(v) = 2*v**3 + v**3 + 6*v**2 - 7 - 4*v**3 + 24 - 11*v. Is a(q) composite?
True
Suppose -4*b - 18 - 6 = 4*i, 3*i + 2*b = -17. Is (-362)/6*i/((-20)/(-84)) a prime number?
False
Suppose -3*i + 436 = -2*f, 2*i + 147 = -f - 85. Let s(j) = 26*j**3 - 4*j**2 + 3*j - 2. Let r